 factor of l and p?
7
Let b(n) = 12*n**2 + n + 1. Let z be b(-1). Suppose -2*x + 28 = -z. What is the highest common factor of x and 2?
2
Let t(l) = l - 10. Let o be t(7). Let u be o/(-2) - 3/(-6). Calculate the highest common divisor of u and 14.
2
Suppose 0 = -k - 5*k. Suppose 0 = -5*r + 2 + 8. Suppose -r*m + m + 30 = k. Calculate the greatest common factor of 45 and m.
15
Let n = 27 - 16. What is the highest common divisor of 33 and n?
11
Let i be 150/(-3)*5/(-10). Calculate the greatest common divisor of i and 175.
25
Let z be (0/(0 + -3))/(-1). Let w be (-1)/(4/(-76 - z)). What is the greatest common factor of 209 and w?
19
Let u be 1/((-2)/(-6)) - (-115)/23. Calculate the highest common factor of 16 and u.
8
Let j(n) = n**3 + 10*n**2 + 10*n + 2. Let i be j(-9). Let k = i + 15. What is the greatest common factor of k and 8?
8
Suppose -3*z + 8 = 2. Suppose 2*f + 5*w = 26, -z*f + 6*w - 2 = 4*w. Let i be -6*2/(4/(-3)). Calculate the greatest common divisor of f and i.
3
Let x be ((-39)/(-26))/((-1)/(-6)). Calculate the highest common factor of 288 and x.
9
Let k be 4 + (2 + -3 - -123). What is the highest common factor of k and 14?
14
Let n(x) = 13*x - 78. Let z be n(7). What is the greatest common divisor of 39 and z?
13
Let y = -3 + 3. Suppose s - 4 = y, 0 = 3*i - s - 91 - 70. What is the greatest common factor of 11 and i?
11
Let i(n) = 11*n**3 + 2*n**2 + 3*n + 2. Let m be i(-1). Let x be (8 + 0)*(-25)/m. What is the greatest common factor of x and 4?
4
Let u(x) = x**2 + x + 1. Let s be u(-2). Suppose 2*r - s*r = -21. Let m = 61 + 107. What is the highest common factor of m and r?
21
Let o(k) be the third derivative of k**5/10 - k**4/6 + k**2. Let g be o(3). Suppose 0 = -5*d + g + 8. What is the greatest common divisor of d and 90?
10
Suppose -3*a = -5*a + 18. What is the greatest common divisor of a and 72?
9
Let f be (2 + -3)*(-1*49 + 1). Calculate the highest common factor of 24 and f.
24
Suppose 0 = 2*t + 5 + 9. Let u(w) = -w**3 - 8*w**2 - 8*w + 5. Let l be u(t). Calculate the highest common factor of l and 4.
4
Let d be 0 + 3/1 - -1. Suppose k = -d*k + 200. Calculate the highest common divisor of k and 16.
8
Suppose -2 - 3 = -5*n. Let s be -4*-7*n - -2. Let c be 216/45 + (-1)/(-5). What is the greatest common divisor of s and c?
5
Let g = -10 - -29. What is the greatest common factor of g and 95?
19
Suppose 0 = -4*b + 3*r + 180, -4*r + r - 138 = -3*b. Suppose -l - b = -4*l. Calculate the highest common divisor of 56 and l.
14
Suppose -2*c + 4 = -0*c. Let q be (20/3)/((-18)/(-81)). Suppose -3*v + q = 2*j - 5*v, 0 = -2*j - 4*v + 36. Calculate the highest common divisor of j and c.
2
Suppose -2*d = 2*q - 0*q - 106, q + 197 = 4*d. Calculate the greatest common divisor of d and 20.
10
Suppose 4*n + 0*n - i + 4 = 0, n - 2*i = -8. Suppose n*g - 56 = -g + 2*u, 3*g + 3*u = 132. Calculate the highest common divisor of g and 12.
12
Suppose 24 = -3*u + 7*u - 4*x, -4*u + x + 9 = 0. What is the highest common factor of 2 and u?
1
Let c = -3 - -9. Let h(l) = l**3 + 6*l**2 + 5*l. Let u be h(-5). Let i = u + c. Calculate the highest common divisor of 54 and i.
6
Suppose 69 = 13*w - 191. Suppose 4*t + 14 - 839 = -5*x, -3*t - 3*x + 615 = 0. Calculate the highest common factor of w and t.
20
Suppose 2*i = 4*l - 2*l + 20, -4*i + 5*l + 39 = 0. Suppose 2*k = -3*k + 55. Calculate the highest common divisor of k and i.
11
Let u = -3 + 9. What is the highest common divisor of 6 and u?
6
Let n(l) = -2*l + 26. Let b be n(0). Calculate the greatest common factor of 182 and b.
26
Suppose 0*z + 4*w = 4*z - 188, -2*z + 85 = w. What is the highest common divisor of 11 and z?
11
Suppose 15 = -10*v + 75. Suppose -3*i + 5*i = 6. Calculate the greatest common factor of v and i.
3
Suppose 0 = -m + 12 + 63. Suppose 3*f + 2*x = 61, m = 2*f + 3*f - 2*x. Let h = 81 - f. Calculate the highest common factor of 8 and h.
8
Suppose -2*l - l + 15 = -3*a, 3*a + 4*l - 13 = 0. Let k(u) = 4*u**2 - u + 1. Let i be k(a). Let g = 37 + -19. What is the highest common divisor of g and i?
6
Let l be ((-1)/5 - 1)*35/(-7). Calculate the greatest common factor of 10 and l.
2
Suppose 76 = p + 3*p. Let j = 35 - p. What is the highest common divisor of j and 24?
8
Let w = 113 - 105. Let m be -2 + (9 + -2 - 2). Suppose -2*p + 0*r + m*r = -45, 4*p - 101 = -5*r. What is the greatest common factor of w and p?
8
Let b(o) = 7*o - 1. Let j be b(-1). Let d(q) = q**3 + 12*q**2 + 11*q + 3. Let l be d(j). What is the highest common divisor of 19 and l?
19
Let p = 21 - 14. What is the highest common factor of p and 56?
7
Suppose -6*v + 34 = -20. Calculate the greatest common divisor of 27 and v.
9
Let d(j) = -j**2 + 4*j + 5. Let a be d(4). What is the highest common divisor of 1 and a?
1
Suppose 0 = -0*f - 3*f - 4*c + 344, -c = 5*f - 562. Calculate the highest common factor of f and 14.
14
Let o(x) = -x**2 - 6*x - 4. Let g be o(-4). Suppose 0 = 2*q - g*s - 30, 5*s + 53 = 4*q - 16. What is the highest common factor of 3 and q?
3
Let x = 89 - 53. What is the highest common factor of x and 90?
18
Let x(w) = -w**3 - 10*w**2 - 11*w + 2. Suppose 0*h - 36 = 4*h. Let i be x(h). Calculate the greatest common divisor of 10 and i.
10
Let m(w) = -w + 14. Let v be m(12). Suppose -3*p + 588 = 3*a, a - 78 - 310 = -v*p. What is the greatest common divisor of 24 and p?
24
Let v be 1/(-3) - (-10)/3. Suppose y - v*s - 12 = 2*s, 4*s = -2*y + 52. Calculate the highest common divisor of y and 2.
2
Let b = -34 + 50. What is the greatest common divisor of b and 24?
8
Suppose -5*k + 3*l = 65, -l + 3*l = 2*k + 30. Let f be (12/k)/(15/(-100)). Let v = 26 + 6. What is the greatest common factor of v and f?
8
Suppose -9 = 3*k - 4*k. Let i(h) = h + 8. Let a be i(5). Suppose 253 = 4*d + 4*s + a, 4*d + 3*s - 243 = 0. What is the greatest common factor of d and k?
9
Let d(v) = v + 6. Let x be d(0). Suppose 0*b + x = b. Calculate the greatest common factor of b and 6.
6
Let m be ((-4)/(-10))/(6/(-300)). Let p = 41 + m. What is the highest common factor of 105 and p?
21
Let z be 2 + -1*1 + -12 + 12. Calculate the highest common divisor of 1 and z.
1
Let r = 71 + -50. What is the greatest common factor of r and 168?
21
Let h(x) = x**3 - 7*x**2 + 4*x. Let a be h(6). Let b = a + 28. Calculate the highest common factor of b and 128.
16
Let k = 1164 + -748. Let c be (-6)/(-9) - k/(-6). Let s(v) = v**2 + 3*v + 6. Let t be s(-4). What is the greatest common factor of t and c?
10
Let z = 21 + -15. Suppose 2*q - 18 = -2*o, -2*q - 36 = -4*o + z. Calculate the greatest common factor of o and 110.
10
Let s(n) = 6*n**2 + 2*n - 2. Let u be s(-2). What is the highest common divisor of 45 and u?
9
Suppose w = 1 - 4, -t - 2*w = 0. Suppose -d - t*b + 3*b = -9, 3*d - 75 = 3*b. What is the highest common divisor of d and 3?
3
Suppose 4 = 2*j - 4. Let x be (-4 + 0)*(-13)/j. Suppose 3*k - 29 - x = 0. Calculate the highest common factor of 21 and k.
7
Suppose 5*v - 7 = -2. Suppose 3*t - 20 = l - v, t = -2*l + 4. Let n = t + 4. Calculate the highest common factor of n and 30.
10
Let g be ((-4)/8)/1*-16. What is the highest common divisor of 8 and g?
8
Suppose -114 - 166 = -5*w. Calculate the greatest common divisor of 7 and w.
7
Let w(j) = -j + 14. Let o be w(8). Calculate the highest common factor of o and 6.
6
Let i = -11 - -20. Let f(p) = 2*p - 11. Let n be f(i). Calculate the highest common divisor of n and 56.
7
Suppose 0 = 2*n - 7 - 1. Suppose -i = n - 14. What is the greatest common factor of i and 10?
10
Let j be 69 - ((-8)/(-3))/4*6. What is the greatest common factor of j and 26?
13
Suppose 2 - 6 = -j. Suppose 3*t + 73 = 4*h, 51 + 1 = 4*h + j*t. Calculate the greatest common divisor of h and 2.
2
Let i be 186/14 + 2/(-7). Calculate the greatest common factor of 117 and i.
13
Let o(n) = 2*n - 4. Let t(s) = -s**3 - 5*s**2 + 6*s + 7. Let u be t(-6). Let w be o(u). What is the greatest common divisor of 20 and w?
10
Suppose 2*z + 1710 = 3*z + 5*x, -5*z - 3*x + 8550 = 0. Let q be (1 + -2)*z/(-2). Suppose 5*j - q + 135 = 0. What is the greatest common factor of 18 and j?
18
Let c(o) = -o**3 - 4*o**2 + o + 4. Let p be c(-4). Suppose 3*b + x - 5 - 2 = p, 2 = 2*x. What is the greatest common divisor of 22 and b?
2
Let k(h) = -h**3 - 3*h**2 - 3*h. Let r be k(-2